{"id":10,"date":"2013-12-13T10:35:52","date_gmt":"2013-12-13T09:35:52","guid":{"rendered":"http:\/\/local.estang.no\/?page_id=10"},"modified":"2018-04-09T21:14:52","modified_gmt":"2018-04-09T20:14:52","slug":"meg","status":"publish","type":"page","link":"https:\/\/estang.no\/?page_id=10","title":{"rendered":"Meg &#8211; Edvard Stang"},"content":{"rendered":"<p>F\u00f8dt i Oslo 15.oktober 1945, gift 1970 med Randi Ramm, tre barn f\u00f8dt 1972, 1974 og 1977.<\/p>\n<p>Pensjonist fra 1. februar 2013 etter arbeid i GIEK, Garanti-instituttet for Eksportkreditt fra 1980 som avd. dir. med ansvar for adm.avd., jur.avd og avd. for internasjonale forhold. Fra da til 1994 m\u00f8tende varamann til GIEKs styre. Leder avdeling for private kj\u00f8pere fra 1986, fra 1987 nestleder i GIEK, og ass.dir med ansvar for Internasjonale forhold, Utvikling og Strategi. Vise-administrerende direkt\u00f8r fra 2001 til desember 2005, deretter direkt\u00f8r.<\/p>\n<div>\n<dl id=\"attachment_74\">\n<dt><a href=\"https:\/\/estang.no\/wp-content\/uploads\/2014\/01\/edvardstangportrait.jpg\"><img decoding=\"async\" loading=\"lazy\" src=\"https:\/\/estang.no\/wp-content\/uploads\/2014\/01\/edvardstangportrait-208x300.jpg\" alt=\"for noen \u00e5r siden\" width=\"208\" height=\"300\" \/><\/a><\/dt>\n<\/dl>\n<\/div>\n<p>Litt eldre nu!!<\/p>\n<p>2013: Autorisert Oslo-guide; norsk &amp; engelsk<\/p>\n<p>2016: Leder styret i Sogn Seniorakademi<\/p>\n<p>2017: Medlem av direksjonen i Akers Sogneselskap<\/p>\n<p>1984: \u00a0Medlem av Lions Club Oslo Berg.President for tredje\u00a0gang \u00a02014-15<\/p>\n<p>&nbsp;<\/p>\n<p>1980 \u2013 2013: GIEK<br \/>\n1975 \u2013 80 : Advokatfullmektig Wikborg, Rein &amp; Co, herunder bestyrte firmaets kontor i Kobe, Japan, 1976 -79.<br \/>\n1974: Advokatbevilling<br \/>\n1973 &#8211; 74 : Dommerfullmektig Lofoten Sorenskriverembete.<br \/>\n1970 \u2013 72: Konsulent i Fiskeridepartementet: mellomfolkelige fiskerisaker, sp\u00f8rsm\u00e5l om fiskerigrense og \u00f8konomisk sone, EF-forhandlinger, og medlem i diverse utvalg i tilknytning til dette.<br \/>\n1971: Spes.fag jur: europeisk markedsrett; 2,35.<br \/>\n1970: Cand.jur. : 2,68 &#8211; Spes.fag. folkerett.<br \/>\n1964: Eksamen artium Drammen Latinskole.<\/p>\n<p>Medlem Technical Sub-Committee, Berne Unionen., fra 1997- 2008.<br \/>\nVice-Chair for Berne Unionen Short term Committee, 2009 og 2010.<\/p>\n<p>1987 fristilt for arbeid med Rekstensaken. R\u00e5dgiver for Utenriksdepartementet i saken.<\/p>\n<p>Daglig saksansvar for Statens varekrigsforsikring fra april 1994 til avviklingen i juni 2004. Deretter ansvar for drift av Beredskapsordningen for statleg varekrigsforsikring til 2006.<\/p>\n<p>Daglig saksansvar fra 1983 for Norsk garantiinstitutt for skip og borefart\u00f8yer a\/s, GI, med prokura, varamann til styret. Leder av avviklingsstyret 2005 til avvikling 2006\/2007.<\/p>\n<p>Varamedlem for styrets formann, Naper, i Skadeforsikringsselskapenes Garantiordning fra 1993-2005, og<br \/>\nKredittforsikringsselskapenes Garantiordning 1993 \u2013 2005. M\u00f8tende varamann til styret for Kistefos Tr\u00e6sliberi a\/s 1982-85.<\/p>\n<p>Medlem av bostyret Johan L.M. Rekstens konkursbo fra 1983-1998, Skibs a\/s Dalfonn &amp; Ringfonn; 1985-87, Kristiansand Mek.Verksted, 1990-1996, og. diverse bostyrer i &#8220;Baldergruppen&#8221;; P. Augustsson, fra 1985 til avvikling. Medlem avviklingsstyrene for Bi\u00f8rnstadrederiene; 1983-85, og m\u00f8tende i avviklingsstyret for R\/A Hadrian fra 1983 til avvikling, 1999.<\/p>\n<p>Leder for Yngres Avdeling i Ski og Fotballklubben Lyn 1990-96.<br \/>\nStyremedlem i SFK Lyn, 1993 &#8211; 98, nestleder 1996-98.<br \/>\nVaramedlem LYN Fotball a\/s, 1996 -98.<br \/>\nFormann Kontrollkomiteen i SFK Lyn i 4 \u00e5r<br \/>\nLagleder aldersbestemte klasser i fotball i mange \u00e5r.<br \/>\nStyremedlem i a\/s Ullevaal Stadion, 1996 &#8211; 2001. Nestleder 1999-2002.<br \/>\nMedlem i byggekomiteen for utbygging av Ullevaal Stadion til 2002.<\/p>\n<p>2009-16:Styremedlem Japan \u2013 Norway Society,<br \/>\n2013-16: Styreleder i Fenrik, arkitekt Kjell Lindboe`s legat.<\/p>\n<p><strong>Utgitt:<\/strong><br \/>\nGIEK 75 \u00e5r, 2004,<br \/>\nHovedtrekk om Statens varekrigsforsikring, 2005,<br \/>\nSkipseksportkampanjen \u2013 var det s\u00e5 galt? 2007,<br \/>\nKredittforsikring, 2008, rev.utgave 2010 sammen med Thor H\u00f8stmark L\u00f8ve.<br \/>\nSpalten; det var den gang da \u2013 i Lynposten 2003 \u2013 2013,<\/p>\n<p>S\u00f8ndre Taasen Hovedgaard &#8211; Hus g\u00e5rd og mennesker gjennom 200 \u00e5r, 2015,<\/p>\n<p><strong>Medlem av:<\/strong><\/p>\n<p>Sogn Seniorakademi<\/p>\n<p>Lions Club Oslo\/Berg<br \/>\nJapan-Norway Society<br \/>\nOslo Guideforening \u2013 St. Hallvard<br \/>\nOslo Byes Vel<br \/>\nBerg, Sogn, Nordberg &amp; T\u00e5sen vel<br \/>\nSogn kultur- og historielag<br \/>\nAkers Sogneselskap<br \/>\nSFK Lyn<br \/>\nForeningen Norden<br \/>\nDIS-Norge, slekt og data<br \/>\nJuristforbundet<\/p>\n<h1><strong>\u00a0<\/strong><\/h1>\n","protected":false},"excerpt":{"rendered":"<p>F\u00f8dt i Oslo 15.oktober 1945, gift 1970 med Randi Ramm, tre barn f\u00f8dt 1972, 1974 og 1977. Pensjonist fra 1. februar 2013 etter arbeid i GIEK, Garanti-instituttet for Eksportkreditt fra 1980 som avd. dir. med ansvar for adm.avd., jur.avd og avd. for internasjonale forhold. Fra da til 1994 m\u00f8tende varamann til GIEKs styre. Leder avdeling [&hellip;]<\/p>\n","protected":false},"author":4,"featured_media":0,"parent":0,"menu_order":0,"comment_status":"open","ping_status":"open","template":"","meta":[],"_links":{"self":[{"href":"https:\/\/estang.no\/index.php?rest_route=\/wp\/v2\/pages\/10"}],"collection":[{"href":"https:\/\/estang.no\/index.php?rest_route=\/wp\/v2\/pages"}],"about":[{"href":"https:\/\/estang.no\/index.php?rest_route=\/wp\/v2\/types\/page"}],"author":[{"embeddable":true,"href":"https:\/\/estang.no\/index.php?rest_route=\/wp\/v2\/users\/4"}],"replies":[{"embeddable":true,"href":"https:\/\/estang.no\/index.php?rest_route=%2Fwp%2Fv2%2Fcomments&post=10"}],"version-history":[{"count":15,"href":"https:\/\/estang.no\/index.php?rest_route=\/wp\/v2\/pages\/10\/revisions"}],"predecessor-version":[{"id":322,"href":"https:\/\/estang.no\/index.php?rest_route=\/wp\/v2\/pages\/10\/revisions\/322"}],"wp:attachment":[{"href":"https:\/\/estang.no\/index.php?rest_route=%2Fwp%2Fv2%2Fmedia&parent=10"}],"curies":[{"name":"wp","href":"https:\/\/api.w.org\/{rel}","templated":true}]}}